**3/2 + 3*f**2/2 - 3*f. Let x(k) = -3*k**3 - 3*k**2 + k + 3. Let i be x(-1). Determine a(i).
5
Let h(g) be the third derivative of -g**5/20 - 7*g**4/24 - 2*g**3/3 - 30*g**2. Determine h(-5).
-44
Let q = 17 - 13. Suppose -4*l + q - 28 = 0. Let m(d) = -d**2 - 10*d - 6. Let o(y) = -y**2 - 11*y - 7. Let h(z) = 3*m(z) - 2*o(z). Give h(l).
8
Let u(h) = -2*h + 333 + h**3 - 336 - 6*h**2 + 3*h**2. Calculate u(3).
-9
Let u(z) = z - 8. Let g(k) = 2*k**2 - 32*k + 10. Let a be g(15). Give u(a).
-28
Suppose 2*f - 6 = -0, f = -5*k + 13. Let w(q) = 6*q**2 - 3*q + 1. Let b(l) = -3*l**2 + 2*l - 1. Let s(g) = -5*b(g) - 2*w(g). Calculate s(k).
7
Let w(o) be the first derivative of -o**4/12 - 4*o**3/3 + o**2 + 46*o - 1. Let b(a) be the first derivative of w(a). Determine b(-8).
2
Let v be 2/(-2)*24/3. Let n be (-38)/v + 3/12. Let w(b) = -7 + 0*b + 9 - 2*b - 5*b + b**2. Determine w(n).
-8
Let w(q) = -q + 5. Let s = 149 + -152. Give w(s).
8
Let k(w) be the third derivative of -7*w**5/30 + w**4/24 + w**3/6 - 85*w**2. Calculate k(-1).
-14
Let p(a) = -a**3 - 8*a**2 - 18*a - 35. Let s be 1104/(-230) + (-18)/15. Give p(s).
1
Let y(s) = -2 - 4 + 6 - 16*s. Calculate y(1).
-16
Let u(c) = 4*c**2 - 2*c + 1. Let y(d) = -d**3 - 4*d**2 + 4*d - 3. Let k be y(-5). Let w be -4 - (-15)/6*k. What is u(w)?
3
Let h(g) = 7*g**2 - 11*g - 12. Let s(i) = -20*i**2 + 33*i + 35. Let l(b) = -17*h(b) - 6*s(b). Determine l(11).
-6
Let x(b) = -b**3 - 6*b**2 - 6*b - 6. Let o = -16 + 24. Let i = o + -13. Let h be x(i). Let u(p) = 8*p**3 - p**2 - 2*p - 1. Determine u(h).
-8
Let t(g) = 2*g + 3. Let y = 82 - 91. What is t(y)?
-15
Let a(b) be the first derivative of -b**4/4 - 7*b**3/3 - b**2/2 - 2*b + 22. Let t(m) = -m**3 - 8*m**2 - m - 2. Let q(h) = -5*a(h) + 4*t(h). Determine q(-3).
-1
Let d(w) = -2*w**3 - w**2 + 7*w + 5. Let i(m) = -3*m**3 - m**2 + 13*m + 9. Let b(f) = -5*d(f) + 3*i(f). Let x = -113 - -111. Give b(x).
-6
Let y be 4 - (1*-1 - 4/(-4)). Let i(q) = -11*q + 37. Let w be i(y). Let u(p) = p**3 + 6*p**2 - 5*p + 4. Determine u(w).
-10
Let w(f) = f**2 - 12*f - 14. Let z(a) = -4*a**2 + 38*a - 36. Let g be z(8). What is w(g)?
-14
Let d(z) = 2*z**2 - 5*z + 4. Suppose -3*c - 24 = -0*c. Let r be 1/3 - c/(-6). Let x be (r/1)/(3/(-9)). Calculate d(x).
7
Suppose 2*b + 5*z = 0, z = -3*b + 6*z. Suppose b = 4*y + 4*t + 28, 4*t + 19 + 13 = -5*y. Let c(m) = m. What is c(y)?
-4
Let d(s) be the second derivative of 4*s - 1/2*s**3 + 1/2*s**2 + 1/20*s**5 - 1/4*s**4 + 0. Give d(4).
5
Suppose 0 = 18*d + 60 + 12. Let z(b) = b**2 + 4*b - 9. Calculate z(d).
-9
Suppose 21 + 3 = -3*o - 3*c, -3*c = 15. Let h be -1*(0 + 9/o). Suppose 3*y - 2 = -3*q - 8, -h*q = 15. Let r(x) = 3*x - 1. Calculate r(y).
8
Let t(c) = -c - 2. Let i(p) be the first derivative of -p**3/3 + p**2 + 4*p + 4. Let s be i(3). Let k(n) = 4*n**3 - 2*n**2 + n. Let g be k(s). Calculate t(g).
-5
Let u(v) = -3*v + v + v + 0 - 3. Let s be (8/(-10))/((-8)/(-20)). Let p be (-4)/s + 12/3. Determine u(p).
-9
Let l(b) = b**3 + 14*b**2 + 12*b - 6. Suppose -48*m + 56*m = -104. What is l(m)?
7
Let r(k) = k - 15. Let o be r(16). Suppose -3*h = 0, u + 5*h + o = -0*u. Let y(z) = 3*z**3 + 2*z + 1. Give y(u).
-4
Let b(m) = -m**2 - 6*m - 4. Let i = -29 - -26. Let t(v) = -1. Let h(x) = i*t(x) - b(x). Determine h(-5).
2
Let i(n) be the second derivative of 11*n**7/840 + n**6/360 + n**5/120 - n**4/24 - 17*n**3/6 + 6*n. Let m(z) be the second derivative of i(z). Determine m(1).
12
Let z(s) = s**2 + 4*s + 5. Let q be (1 + -2 + -1)*-33. Suppose -q - 42 = 4*v. Let f = v + 23. Calculate z(f).
5
Let g(l) = -2*l - 5. Suppose -b + 2 + 6 = 2*c, 5*c - 15 = 0. Suppose 2*w = 3*f + 22, b*f + 8 = 2*w - 4*w. Determine g(f).
7
Let l(d) = -6*d**2 - 47*d + 2. Let h be l(-8). Let k(q) = -4*q - 6. Determine k(h).
18
Suppose 8*u = 3*u + 20. Suppose u*w = -c - 26, 0 = 3*c + 5*w + 95 - 24. Let i = 16 + c. Let v(s) = s + 1. Determine v(i).
-5
Let f(t) = -19*t**3 - 7*t**2 - 13*t + 5. Let v(d) = 56*d**3 + 20*d**2 + 37*d - 14. Let a(q) = -17*f(q) - 6*v(q). Calculate a(-1).
12
Let m(r) = -3 - 4*r**2 + 5*r**2 + 1. Let d = -902 + 899. Calculate m(d).
7
Let d(g) = -g - 10. Let r be (-6)/(-10) - (-4)/10. Let c = 467 - 473. Let p be 2/(c/15*r). Give d(p).
-5
Let t(a) = -2*a + 1. Let s(j) = 3*j - 2. Suppose 3 + 1 = -w. Let k(m) = w*t(m) - 3*s(m). What is k(-7)?
9
Let k(g) be the second derivative of -g**5/20 + 11*g**4/12 - 2*g**3 - 13*g**2/2 - 2*g + 13. Give k(10).
-33
Suppose 4*l - 17*l - 130 = 0. Let v be ((-8)/l)/((-10)/(-75)). Let w(j) = -6*j**2 + 11*j + 8. Let a(z) = z**2 - z. Let d(x) = 5*a(x) + w(x). What is d(v)?
8
Suppose -3*o - 23 = 2*d, -6 = 6*d - 2*d - 2*o. Let x(k) be the third derivative of -1/12*k**4 + 6*k**2 + 0 - 1/15*k**5 - k**3 + 0*k - 1/120*k**6. What is x(d)?
2
Let z = -21 + 37. Let u(i) = -i - 1. Let g(t) = t**2 - 15*t + 16. Let o(w) = g(w) + 2*u(w). Let q be o(z). Let j(c) = c**2 - 2*c - 2. Calculate j(q).
6
Let j(q) = -q**2 - 2*q + 2*q**2 + 3 + 4*q - 1. Let l be j(-1). Let b(m) = -2*m - 1 - 6*m - 3 + 5. Calculate b(l).
-7
Let o(t) be the third derivative of t**6/120 - t**5/60 - t**3/6 + 2*t**2. Let m be 0/(4 - (3 - 0)). Suppose m*s = 2*h + 2*s, 2 = h + 2*s. What is o(h)?
-13
Let f(a) be the third derivative of a**5/60 - 5*a**4/12 - 5*a**3/6 - 152*a**2. What is f(11)?
6
Suppose 2*m - 5*m = -375. Let t = 120 - m. Let i(s) = s**3 + 6*s**2 + s + 2. Give i(t).
22
Let x(f) = 6*f + 7*f + 1 - 15*f. Let n be 0 + (-3)/(3/(-2)). Suppose h + n*h = -6. Determine x(h).
5
Let q(n) = 7*n**3 - 2*n**2 - 3*n - 1. Let w be q(-1). Let v(y) = y**3 + 8*y**2 + 3*y - 3. Give v(w).
25
Let f be -24 + 1 + -3 + 3. Let m = 20 + f. Let a(l) = -l**3 - 5*l**2 - 3*l + 2. Determine a(m).
-7
Suppose 5*l + 0*l + 2*b - 4 = 0, 20 = 4*l - 4*b. Let f(i) = -3 + 2*i + 5 + 0. What is f(l)?
6
Let j be 7 + (-62)/4 - (-3)/2. Let o(m) = m + 21. Give o(j).
14
Let g(p) = -p - 1. Let t(m) = 2*m + 3. Let k be t(7). Suppose 11 = -5*d - 3*z, -2 + k = 5*z. Calculate g(d).
3
Let b(f) = f**2 + 4*f - 3. Let z(r) = -r + 3. Let j(y) = -y**3 + 6*y**2 + y + 1. Let o(n) = -n - 3. Let s be o(-9). Let k be j(s). Let d be z(k). What is b(d)?
-3
Let s = -250 + 242. Let a(x) = -x**2 - 11*x + 2. Determine a(s).
26
Let r(j) = -15*j + 20. Let g(m) = -5*m + 3. Let h(b) = -6*g(b) + r(b). Determine h(-1).
-13
Let y(k) be the second derivative of -2*k**3/3 - 7*k**2/2 + 88*k. What is y(5)?
-27
Let y = 9 - 9. Let r(l) be the third derivative of -l**4/24 + 5*l**3/2 + 92*l**2 + 2. Determine r(y).
15
Let j(f) = 7 + 33*f + 43*f - 75*f. What is j(-5)?
2
Let w(a) = a**2 - 52. Let f(r) = r**3 + r**2 + r. Let m(b) = -f(b) + w(b). What is m(0)?
-52
Let y(q) = 4*q + 26 + 6 - 59 + 5. Determine y(6).
2
Let v(g) = g - 2. Let z(k) = k**2 + 5*k + 6. Suppose -3*u - 21 = c - 2*c, 0 = -c + 4*u + 22. Let d = c + -23. Let h be z(d). Determine v(h).
4
Let c(a) = 4*a - 2*a - 529 + 528. Let r be c(1). Let t(u) = 4*u**3 - u**2 - u + 1. What is t(r)?
3
Suppose 2*l + x - 39 = 0, -5*l - 3*x = x - 102. Let q(o) = -l*o - 18*o + 6*o**2 + 35*o. Calculate q(1).
5
Let p(d) = -2*d + 1. Suppose 23*t = 6*t + 102. Calculate p(t).
-11
Let w(d) = -18*d + 2 + 20*d + 13*d**2 - 4 + 3. Let k(z) = z**2 + 1. Let a(m) = -2*k(m) + w(m). What is a(1)?
12
Let o(k) = -2*k + 2. Let x(m) = -m**3 + 7*m**2 - 5*m + 1. Let n be x(6). Suppose -3*p + 8 = -n*p. Let r be 3 + ((-2)/2 - p). What is o(r)?
-6
Let j(u) = -3*u - 4. Let q(x) = 13*x + 15. Let l(z) = 9*j(z) + 2*q(z). Let b be l(-3). Let r(k) = k**2 - 4*k - 3. Determine r(b).
18
Suppose -3*n = -3*i - 27, -4*n - 8*i = -7*i - 21. Let f(b) = b**2 - 4*b. Give f(n).
12
Suppose -9*g + 3*g = 3*g. Suppose -3*r + 5 = 3*l + 8, l + 5*r - 7 = g. Let n(s) = s**3 + 2*s**2 + 2*s + 3. Calculate n(l).
-12
Suppose -84*q - 120 = -114*q. Let h(k) = k**2 - 7*k + 8. Give h(q).
-4
Let y(c) = -c**2 - 6*c + 1. Suppose -10*v - 30 = -5*v. Calculate y(v).
1
Let a(k) = -3 + 5*k + 2*k**3 + 2 + 5*k**2 - 6*k**3 + 5*k**3. Suppose p + 6 = 3. Let i(m) = m - 1. Let d(x) = p*i(x) + a(x). Calculate d(-5).
-8
Let h(i) be the first derivative of 2*i**3/3 + 2*i**2 - i + 208. Give h(-3).
5
Let l(b) = b - 1. Let v(w) = -7*w + 7. Let k(g) = 6*l(g) + v(g). Suppose -644 = -10*i - 654. Calculate k(i).
2
Let n(c) = -4*c**3 - 2*c + 1. Let a = 350 - 352. Give n(a).
37
Let g(c) = -6*c - 38. Let s be g(-7